
Let l be (-5)/(2 + (-18)/6). Let m be (15/(-21))/l + (-926)/(-14). Calculate the greatest common divisor of 12 and m.
6
Let r be 6/(-28 + 27 - (4175/1395 + -4)). Suppose 5*y + 305 - 26 = 3*c, 0 = -3*c - 5*y + 279. What is the greatest common factor of r and c?
93
Suppose -77 - 25 = -3*z. Suppose 3*x - 2*m - z = 0, 0 = -4*x + 3*m + 73 - 27. Let y be -6*10/(-1) - 0. What is the greatest common divisor of y and x?
10
Let w = 732 + -690. Let f(h) be the third derivative of h**4/2 + h**3/3 - 5*h**2. Let m be f(1). Calculate the highest common factor of w and m.
14
Let d be -2 + 140 - (-68)/(238/14). What is the highest common divisor of 33938 and d?
142
Suppose -4*v - 40 = -5*a + 3, 0 = -2*a + 4*v + 10. Let q(z) = z. Let b be q(4). Suppose -b*x + a = -33. Calculate the greatest common divisor of x and 44.
11
Suppose -136*a + 4018 = -129*a. Suppose -2*d = 3*w - 0*d - a, 2 = d. Calculate the highest common factor of 10 and w.
10
Suppose -3*j = 0, -41*j = 2*z - 40*j + 28. Let t be 9/((-441)/(-3542)) - (-4)/z. Calculate the highest common divisor of t and 9.
9
Suppose -1359664 + 206095 = -92*b + 27067. What is the highest common divisor of b and 41?
41
Let f be ((-92544)/256)/((-2)/44). Calculate the highest common divisor of f and 33.
33
Let c = 3698 - 3578. What is the highest common factor of c and 45?
15
Let h(v) = -12*v**2 - 28*v + 30. Let n(m) = 3*m**2 + m + 1. Let c(i) = h(i) + 5*n(i). Let s be c(8). What is the highest common factor of 43 and s?
43
Let y = 51 - -61. Suppose -3*s + 0*s = 450. Let v = 164 + s. What is the greatest common factor of y and v?
14
Let t be -11 - (-132 + -10 + 21). What is the highest common factor of t and 495?
55
Suppose -3*o + 28 = a + 2, 5*o + 10 = 0. Let x be 546 + (-4 - 4) + 6. Calculate the highest common divisor of x and a.
32
Let t(u) = -u - 2. Let b be t(-3). Let i = -4048 - -4048. Suppose 8*c - 15 - b = i. What is the highest common factor of 20 and c?
2
Suppose -32*h - 104*h = -451520. Calculate the highest common factor of h and 80.
40
Suppose 85*k - 33*k = 11180. What is the greatest common divisor of k and 6794?
43
Let m = -460 - -478. Let t(z) = z + 26 + 14 + 5. Let d be t(0). Calculate the highest common divisor of d and m.
9
Let l be (-50)/(-15)*12/5 + -2. Suppose l*f = 12*f - 252. Let o = f + -30. What is the greatest common divisor of o and 48?
12
Let q(w) = -6*w**2 + 2*w - 3. Let i be q(1). Let b = i + 29. Suppose -8*k = -6*k - b. Calculate the highest common factor of k and 1.
1
Suppose -2*o + 210 = -4*r, -r - 24 = 4*o + 6. Let x = r - -138. What is the greatest common factor of x and 8?
8
Suppose 3*b - 4*m = 36, 3*b - 9 = 2*m + 21. Let n be 15/(-20) - (-22)/b. Suppose 148 = 5*o + 68. What is the highest common divisor of n and o?
2
Suppose -3*o - o + 1142 = -2*n, 0 = 4*n - 4. What is the greatest common factor of o and 22?
22
Let t(g) = 11*g - 3. Let y be t(1). Let w(s) = 9*s + 527. Let a be w(-47). What is the greatest common factor of a and y?
8
Let w = 43 + -38. Suppose -3*s + 7 = w*i, 3 = -i + 8. Let h be 133/7 + s/2. What is the greatest common factor of h and 128?
16
Let m(c) be the third derivative of c**5/60 + c**4/3 + 2*c**3/3 - c**2. Let v be m(-10). Let f = 3017 + -2969. Calculate the highest common factor of f and v.
24
Let w(f) = 24*f**2 + 8*f + 66. Let h be w(-9). What is the greatest common factor of h and 34?
34
Suppose -2*x = -5*d + 401, 2*d + 4*x - 161 = 5*x. Suppose -4*t = -t + 5*n - 59, 3*t + n - d = 0. Calculate the highest common factor of t and 14.
14
Suppose -4*w + 4085 = 5*p, -3*w - 2*p = 900 - 3962. Suppose 0 = 16*r + r - w. What is the greatest common factor of 330 and r?
30
Suppose 4*v = 14 - 2. Let x = 2772 - 2769. Suppose -x*f + 34 = 5*o, -v*f + 36 = 4*o - 2. Calculate the highest common divisor of f and 126.
18
Let y = -5508 + 5673. What is the highest common factor of y and 561?
33
Let l = -7 - -11. Suppose -l*t + 65 = -243. Suppose -o + o + 66 = 6*o. What is the greatest common factor of o and t?
11
Suppose -8*l + 16 = -7*l - r, -41 = -3*l - 4*r. Let q(x) = 11*x**2 + 30*x - 9. Let h be q(-12). What is the highest common divisor of h and l?
15
Let l = 21 + -16. Suppose l*d = 2*d + p + 3, 19 = 2*d + 5*p. Let k be (-27)/45 + (326/10 - d). What is the greatest common divisor of 60 and k?
30
Let a(g) = -745*g - 250. Let t be a(-4). Calculate the greatest common factor of t and 84.
42
Suppose 3*v + 5*r - 3629 = 3741, 12302 = 5*v - r. Suppose -v = 15*m - 20*m. Calculate the greatest common factor of 24 and m.
12
Let l = 147 - 145. Suppose 3*i - l*w = 114, -5*i = -w + 89 - 286. Suppose 8*x = 3*x + 160. Calculate the greatest common factor of x and i.
8
Let r = -4941 + 5598. What is the highest common factor of r and 73?
73
Suppose 0 = -4*a - 351 + 903. Let q be (-1)/((-35)/8060) - 6/21. Calculate the greatest common factor of q and a.
46
Let o = -52 + 54. Let x be o/9 + (-30)/135. Suppose x = 13*c - 126 - 134. Calculate the greatest common factor of 160 and c.
20
Suppose 5*w = 4*w - x + 104, 3*w - x = 312. Let r = w + -45. Let z = r + -56. Calculate the greatest common factor of 21 and z.
3
Let n(u) = -2*u**3 - 11*u**2 + 9*u + 15. Let q be n(-6). Let s(g) = -24*g - 29. Let h be s(q). What is the highest common factor of h and 1333?
43
Let a(c) = -2*c + 1. Let l be a(8). Let b = 33 - l. Suppose 0 + 60 = 5*g - 4*p, 0 = 4*g - 5*p - b. Calculate the highest common divisor of g and 6.
6
Suppose -5*c = -5*r + 50, -3729 = 5*c - 3719. Calculate the greatest common factor of r and 258.
2
Suppose -3*l = 2*p - 240, -10*p + 4*l + 120 = -9*p. Let x = 17 + 6. Let z = x + -8. Calculate the highest common factor of z and p.
15
Let f be ((-144)/120)/(3/(-45)). Calculate the greatest common factor of f and 50.
2
Suppose -3*b + 2224 = -2*t + 4*t, -4*b + 2969 = -t. Let r(g) = -341*g + 16041. Let v be r(47). Calculate the highest common divisor of v and b.
14
Let c(a) = -a**2 + 35*a + 374. Let g be c(43). What is the highest common divisor of 240 and g?
30
Let z(n) = 5*n**2 + 4*n + 9. Let s be z(4). Suppose -6*b + b = -s. Calculate the highest common factor of 42 and b.
21
Let z = 1182 - 1066. What is the greatest common factor of z and 261?
29
Let o(f) = -102*f**3 + 91*f**2 + 431*f - 4. Let x be o(-5). Calculate the greatest common divisor of 14 and x.
14
Let x = -4268 + 4308. What is the greatest common divisor of 920 and x?
40
Let t = -20 + 19. Let v be 0 - (2 + t + -1). Suppose v = -2*z + 36 + 44. What is the greatest common divisor of 10 and z?
10
Suppose 959*i - 5625 = -c + 956*i, -3*i + 11265 = 2*c. What is the highest common divisor of 60 and c?
60
Let t(g) = 52 - 320 + 8*g + 102. Let j be t(26). What is the highest common factor of j and 56?
14
Let d be (-1)/(-1) - (1 + -2). Let v(a) = 8*a**3 + 7*a**2 - 1 + 2*a + 7*a**2 - 6*a**2 - 9*a**2. Let x be v(d). What is the highest common factor of x and 9?
9
Let c be (-5)/15*0/(-2 - 1). Suppose -4*p - 6*o + 81 = 5, -p - o + 17 = c. What is the highest common divisor of p and 325?
13
Let y = 170 - 128. Suppose 0 = 3*d + 3*j - y, 5*j = 4*d + 6*j - 41. Calculate the highest common divisor of d and 3.
3
Suppose -2*k + 3*d + 114 = 0, -5*k - 3*d + 211 = -32. Suppose 52*x - 38 = k*x. What is the highest common divisor of x and 133?
19
Let o be ((-126)/5)/((-13)/65). Let p be 3/4 - 50/(-8). Suppose -p*z = 39 - 137. Calculate the highest common factor of z and o.
14
Let u = 611 + 390. Suppose 12*i - 13*i + u = 0. Suppose -i = -9*w - 209. What is the highest common divisor of w and 11?
11
Let f be 2*25*(-6)/(-4). Let z be 33/(-176) - (-21630)/160. What is the greatest common factor of f and z?
15
Suppose 0 = -v + 3*v - 12. Suppose -v*d - 133 - 491 = 0. Let b = -72 - d. Calculate the highest common divisor of 40 and b.
8
Let i(b) = 25*b - 25. Let u be i(1). Suppose u = -32*a + 27*a + 85. What is the greatest common divisor of a and 17?
17
Let y be (-3)/(-12) - 1*(-38)/8. Let u be (0 + 0)/((-10)/y). Suppose -3*q - 3 + u = 0, -2*q - 98 = -b. Calculate the highest common divisor of b and 12.
12
Let z(i) = 2*i**3 - 193*i**2 - 366*i + 154. Let o be z(99). Calculate the greatest common factor of 275 and o.
275
Let r be (-16)/(-24)*-6 + (53 - 2). Suppose -3*t + 73 = 2*h + 3*h, 3*h = -2*t + r. What is the greatest common divisor of t and 76?
4
Let a = 19